*6082/(-4)?
2, 3041
What are the prime factors of (-4)/54 + ((-96)/324)/(4/(-10234))?
2, 379
Let d(g) = 3*g + 76. Let s be d(0). Suppose -s - 2 = -w + 4*z, 2*w = 4*z + 176. Suppose -4*r + w + 66 = 0. List the prime factors of r.
41
List the prime factors of 489/163 - ((0 - -2) + -1 - 8874).
2, 7, 317
Suppose -25*y - 50 = -0. List the prime factors of 2/y - -7 - -1230.
2, 3, 103
Let r(i) = 12*i + 9. Let t be r(-4). Let a = 84 + t. Suppose -4*d - d + a = 4*p, 4*d = p - 27. List the prime factors of p.
3, 5
Let a(h) = -3*h**2 + 184*h - 192. List the prime factors of a(24).
2, 3, 13
Let j(d) = 4073*d - 9805. What are the prime factors of j(6)?
14633
Let y(f) = -f**3 - 11*f**2 + 18*f - 15. Let h(d) be the first derivative of -7*d**4/2 - d**3/3 + 2*d + 23. Let r be h(1). List the prime factors of y(r).
89
List the prime factors of 4/(-3)*(-33064)/(-16)*-6.
2, 4133
Suppose -4*d - 3*f + 561 = 0, -4*f + 42 = 3*d - 384. Let l = d + -68. What are the prime factors of l?
2, 5, 7
Let c(y) = 2*y**3 - 28*y**2 - y + 12. Let a be c(14). What are the prime factors of 140 - ((3 - 2) + a + 6)?
3, 5
Let y = 4 + 151. Let a = y - 8. List the prime factors of 30240/a - (-4)/14.
2, 103
Let b(p) = 2*p + 26. Let d be b(-11). Suppose 0 = r + 4*r + 4*n - 5366, d*r - n = 4297. What are the prime factors of r?
2, 3, 179
Let l = 117 - 117. Suppose 10*v - 4*w = 5*v + 749, -2*v - 5*w + 326 = l. What are the prime factors of v?
3, 17
Suppose -102*t + 1457773 = -1749821. List the prime factors of t.
13, 41, 59
Let s = -1932 - -3179. Suppose 5*r - 918 = s. List the prime factors of r.
433
Suppose -3*d + 0 = s - 5, 0 = 5*d + 3*s - 15. Suppose 26*c - 22*c - 2300 = d. What are the prime factors of c?
5, 23
Let u = -19 - -21. Suppose -3*j = w - 395, -157 = u*w - j - 919. What are the prime factors of w?
383
Let g(z) = -z**3 + 4*z**2 + 2*z - 8. Let m be g(4). Suppose -y - j - 18 = -m*y, 0 = y - 3*j + 6. List the prime factors of 6/(-30) + (-1233)/y.
2, 41
Suppose -7*a + 9*a = 26. Suppose -a*z = 4*z - 3995. What are the prime factors of z?
5, 47
Let a be (-2 - -1)*(3 + 0 - -2). Let q be (15/a)/6 + (-109)/(-2). Suppose 4*c - q = 74. List the prime factors of c.
2
Suppose -3*b + b + 15 = 5*f, 0 = 4*b - 4*f + 12. Suppose 2*v + l + 0*l - 221 = 0, b = -3*v - 3*l + 333. What are the prime factors of v?
2, 5, 11
Suppose 6*l = 4*l + 28. Suppose 3940 = -l*c + 24*c. What are the prime factors of c?
2, 197
Let k = 1054 - -1559. What are the prime factors of k?
3, 13, 67
Let q = -71 - -67. Let w be q/(-2)*-2*-38. Suppose -2*k = -5*y - 155, 2*y = -2*k + 4*k - w. List the prime factors of k.
3, 5
Let v(j) = -4*j**2 + 8*j - 30. Let k be v(3). What are the prime factors of (560/(-8))/(3/k)?
2, 5, 7
Let p = -2 + 9. Let s be (-1678)/p - (-2 - (-32)/14). List the prime factors of (-4)/6 - s/9*4.
2, 53
Let g be 13 + (-4 - -1) + -6. Suppose -4*t - g*p = -2960, -2419 + 194 = -3*t - 4*p. What are the prime factors of t?
3, 5, 7
Suppose -5*r - 5*r + 401010 = 20*r. What are the prime factors of r?
13367
Let m be (-12)/(-2) - (-6)/3*-1. Suppose -m*c + 8*c = 2*v - 254, 2*c + 659 = 5*v. List the prime factors of v.
7, 19
Let a = 32879 + -22680. List the prime factors of a.
7, 31, 47
Let a(s) = 16*s + 204. Let u be a(-12). Suppose -u*z + 1216 = -416. List the prime factors of z.
2, 17
Suppose 73*j - 72*j - 2 = 0. Suppose -4*s + 3*m = -1279, 3*s - 321 = j*s + m. Let o = -175 + s. What are the prime factors of o?
3, 47
Let i be ((-2368)/(-5))/((-70)/(-350)). Let m = i - 1636. List the prime factors of m.
2, 3, 61
Suppose 0 = 4*u + 2*c + 37 - 279, -3*u - 4*c + 174 = 0. Suppose -u = 7*b - 97. Suppose -b*o + 675 = -280. List the prime factors of o.
191
Let w(d) = d**3 + 4*d**2 + d - 4. Let g be w(-3). Let b be 17664/(-1380)*(1 - 7/2). Suppose s - 3*l - 28 = 0, -3*l + g*l = -s + b. List the prime factors of s.
2, 17
Let k(n) = n**2 + 36*n + 144. Let s = 580 + -613. What are the prime factors of k(s)?
3, 5
Let a = 91663 - 43108. List the prime factors of a.
3, 5, 13, 83
Let g = 4190 + -1693. Suppose -g = -0*a - 3*a - h, h = 2*a - 1673. List the prime factors of a.
2, 3, 139
Suppose 5*n - 2 - 13 = 0. Suppose d + 2*f = 16, -5*d - n*f + 47 = -4*f. What are the prime factors of (-16)/40 + 164/d?
2
Let r = -896 + 1825. Suppose -k = -r + 109. What are the prime factors of k?
2, 5, 41
Let r(z) = -5369*z - 353. What are the prime factors of r(-6)?
151, 211
Suppose 2*p + 6*p = -2024. Let c = p + 655. List the prime factors of c.
2, 3, 67
Let p = -110 - -112. Suppose p*l - 514 = -4*v, -5*v - 764 = -3*l - 4*v. Suppose 2*w = l - 33. List the prime factors of w.
3, 37
Suppose 72742 = 11*b - 52998 + 8337. List the prime factors of b.
13, 821
Let c(b) be the first derivative of 2*b**3/3 - 6*b**2 - 27*b + 99. What are the prime factors of c(13)?
5, 31
Let i = -34 + 1345. Let o = i - 930. List the prime factors of o.
3, 127
Let h be 1/(-2) - ((-3342)/12 - -2). Let z = h - -60. List the prime factors of z.
2, 3, 7
Suppose 4*k = -s + 13, -2*k = 2*s - 5*k - 15. Suppose s*n - 490 = 2*n. Suppose -72*z - n = -73*z. What are the prime factors of z?
2, 5, 7
Let w = 1010 + -450. Let y = w + -318. List the prime factors of y.
2, 11
Let l(f) = 13*f**2 - 48*f - 563. List the prime factors of l(30).
9697
Suppose 3*s = 4*a - 13, 5*a = 5*s + 27 - 12. What are the prime factors of 6/a*25410/63?
5, 11
Let r(d) = -15*d + 22. Let b = 37 - 25. Let g be r(b). Let k = g + 233. What are the prime factors of k?
3, 5
Let v be -1 - (-3 - -2) - 10. List the prime factors of ((-24)/v)/(5 + (-4147)/830).
2, 83
Suppose 19 = 2*b + 5*h, 5*h - 7 = -2*b + 6*b. Suppose k + 2*f = 137, -3*f + 254 = b*k - 18. What are the prime factors of k?
7, 19
Let b(z) = -z**3 + 7*z**2 - 4*z + 21. Let x be b(7). What are the prime factors of -144*(x - (3 - 8) - 4)?
2, 3
Let c(w) = w + 5393. What are the prime factors of c(74)?
7, 11, 71
Let t(z) = -z**2 - 1. Let s(v) = v**3 + 4*v**2 + 8*v + 8. Let g(i) = -s(i) + 3*t(i). Let r be g(-6). List the prime factors of r/(-3) + (-2816)/(-24) + 2.
7, 17
Suppose 390*p + 20770 - 382 = 396*p. List the prime factors of p.
2, 1699
Let d be ((-60)/15)/(2/(-778)*2). Let a = d + -419. List the prime factors of a.
359
Let x be (-1044)/(-90) + 2/5. Let f be (463 - (5 - x))/(2 + 0). Let z = f - 154. List the prime factors of z.
3
Suppose 5*j - 51985 = -5*s, 144*j - 146*j = -3*s - 20794. List the prime factors of j.
37, 281
Let m(b) be the first derivative of 5*b + 6 - 1/2*b**2 - 1/3*b**3. List the prime factors of m(-2).
3
Let r = -785 + 1201. Suppose -3*b + 312 = 5*x, 6*b = 2*b - x + r. Let t = b + -8. List the prime factors of t.
2, 3
Suppose -3*v - 52 = -m, 2*m + v - 39 - 58 = 0. Suppose b - 3 = 0, 2*z - 3*b - m = -2*b. What are the prime factors of (z/4 - 2)*10?
3, 5
Let b(i) = i**3 + 7*i**2 + i + 10. Let v be b(-7). Suppose 386 = g + p + 14, 2*g - 747 = -v*p. What are the prime factors of g?
3, 41
Let q = 7958 + -5468. List the prime factors of q.
2, 3, 5, 83
Suppose -3*o = -4*o + 196. Let s(w) = 13*w - 22. Let l be s(5). Let h = o - l. List the prime factors of h.
3, 17
Let y = 463 - -18553. What are the prime factors of y?
2, 2377
Suppose -4*u = -3*r + 961 + 1219, 3*r - u - 2183 = 0. Suppose -16*c + 18*c = r. List the prime factors of c.
2, 7, 13
Let t(f) = -f**3 + 13. Let q be t(3). What are the prime factors of 69100/70 - (-16)/q?
2, 17, 29
Let d be (-2 - (-2 + -3)) + 1. Suppose -d*z + 111 + 25 = 3*p, 5*z - 4*p = 170. List the prime factors of z.
2, 17
Let a(u) = u**3 + 17*u**2 + 20*u - 2. Let y be a(-16). Let f = y + 69. Suppose -200 = -k - f*m, -4*k - 4*m + 786 = m. What are the prime factors of k?
2, 97
Suppose 12*h - 6 = -6. Suppose -6*x + 9*x - 192 = h. What are the prime factors of x?
2
Suppose 2*m = -8*f + 5*f - 9, 3*m - 14 = f. List the prime factors of (6/5)/m + 74768/80.
5, 11, 17
Suppose -2 = -0*i - 2*i, 5*i = -y + 712. Let j = y - -45. List the prime factors of j.
2, 47
Suppose 13*p - 8 = 11*p. Suppose 2*m - 3*m + 338 = 2*j, -p*j = 3*m - 680. What are the prime factors of j?
167
Suppose 0*g - 3*g = 6. List the prime factors of 595/(-14)*(12/(-1) - g).
5, 17
Let i = 28 + -19. Suppose -7*a + 73 = j - i*a, -5*a = 3*j - 197. List the prime factors of j.
3, 23
Suppose -r - 9 = -f, 9 = -4*f - 8*r + 3*r. Suppose f = -2*s + 3*d, 0 = 3*s - 